5993?
0
What is the tens digit of 1164518490?
9
What is the ten thousands digit of 99214316?
1
What is the ten thousands digit of 2137022309?
2
What is the units digit of 962063435?
5
What is the ten millions digit of 1096023761?
9
What is the hundreds digit of 31587206?
2
What is the hundred millions digit of 1216097598?
2
What is the hundreds digit of 427556959?
9
What is the millions digit of 3635968804?
5
What is the ten thousands digit of 15930848?
3
What is the ten thousands digit of 1203290130?
9
What is the ten millions digit of 124478405?
2
What is the hundreds digit of 1069810332?
3
What is the thousands digit of 48143489?
3
What is the hundred thousands digit of 305253089?
2
What is the millions digit of 33689209?
3
What is the hundred millions digit of 2745942188?
7
What is the hundred millions digit of 108900153?
1
What is the ten millions digit of 170456759?
7
What is the ten millions digit of 3148528015?
4
What is the thousands digit of 407588987?
8
What is the hundreds digit of 176799977?
9
What is the units digit of 95807268?
8
What is the ten millions digit of 822129908?
2
What is the hundred millions digit of 322695589?
3
What is the hundreds digit of 45513797?
7
What is the tens digit of 40351208?
0
What is the millions digit of 135248336?
5
What is the hundreds digit of 6772094387?
3
What is the millions digit of 554720127?
4
What is the thousands digit of 37445207?
5
What is the hundred millions digit of 742056175?
7
What is the hundred thousands digit of 172701908?
7
What is the hundreds digit of 121602802?
8
What is the hundred millions digit of 2228779519?
2
What is the thousands digit of 53433240?
3
What is the units digit of 51412159?
9
What is the units digit of 4746685885?
5
What is the thousands digit of 51133804?
3
What is the ten millions digit of 121679743?
2
What is the hundreds digit of 152079671?
6
What is the units digit of 4489967?
7
What is the tens digit of 4277154959?
5
What is the hundreds digit of 2926602356?
3
What is the ten millions digit of 220002402?
2
What is the ten thousands digit of 91122811?
2
What is the ten thousands digit of 80160844?
6
What is the millions digit of 59502985?
9
What is the hundred thousands digit of 70800135?
8
What is the millions digit of 40315134?
0
What is the tens digit of 51821823?
2
What is the thousands digit of 68519574?
9
What is the tens digit of 3436565081?
8
What is the hundred thousands digit of 606584715?
5
What is the ten thousands digit of 26811124?
1
What is the tens digit of 11152052?
5
What is the ten thousands digit of 574899533?
9
What is the hundred thousands digit of 57021557?
0
What is the hundred thousands digit of 76835639?
8
What is the hundreds digit of 332548967?
9
What is the units digit of 15853778?
8
What is the ten millions digit of 250445174?
5
What is the ten millions digit of 66361138?
6
What is the hundreds digit of 36838572?
5
What is the billions digit of 2139647427?
2
What is the tens digit of 30721637?
3
What is the hundred millions digit of 104215853?
1
What is the tens digit of 7825708984?
8
What is the units digit of 1456905586?
6
What is the ten millions digit of 11065766?
1
What is the hundred thousands digit of 141436951?
4
What is the tens digit of 859601478?
7
What is the thousands digit of 10452170?
2
What is the hundred millions digit of 294027944?
2
What is the thousands digit of 809188638?
8
What is the ten thousands digit of 53567587?
6
What is the hundreds digit of 5628237?
2
What is the ten millions digit of 642065408?
4
What is the ten millions digit of 722869896?
2
What is the units digit of 54256887?
7
What is the thousands digit of 170131892?
1
What is the tens digit of 1472321321?
2
What is the hundreds digit of 27008193?
1
What is the hundreds digit of 87419505?
5
What is the thousands digit of 25153086?
3
What is the hundred millions digit of 449386457?
4
What is the units digit of 651852247?
7
What is the hundred thousands digit of 94807488?
8
What is the ten millions digit of 45915936?
4
What is the ten millions digit of 94478576?
9
What is the hundreds digit of 352184273?
2
What is the hundred thousands digit of 247462826?
4
What is the ten thousands digit of 240411959?
1
What is the units digit of 1301964068?
8
What is the hundred thousands digit of 262945075?
9
What is the hundreds digit of 4418218?
2
What is the units digit of 620425634?
4
What is the hundred millions digit of 119991325?
1
What is the hundreds digit of 3256244358?
3
What is the units digit of 92584528?
8
What is the thousands digit of 2310011019?
1
What is the hundred millions digit of 583439724?
5
What is the ten thousands digit of 92353610?
5
What is the hundreds digit of 2688401909?
9
What is the hundreds digit of 60458240?
2
What is the thousands digit of 181216459?
6
What is the hundreds digit of 8685671?
6
What is the thousands digit of 78810658?
0
What is the tens digit of 9282002?
0
What is the hundred thousands digit of 34516610?
5
What is the hundreds digit of 70658880?
8
What is the units digit of 257173035?
5
What is the units digit of 52128470?
0
What is the hundred millions digit of 2668179537?
6
What is the tens digit of 7940865?
6
What is the hundreds digit of 928317452?
4
What is the hundreds digit of 85660335?
3
What is the ten thousands digit of 21986808?
8
What is the hundreds digit of 739365260?
2
What is the ten thousands digit of 2716626016?
2
What is the millions digit of 2530300151?
0
What is the ten thousands digit of 54380192?
8
What is the millions digit of 4894222716?
4
What is the hundreds digit of 51603410?
4
What is the ten millions digit of 512349021?
1
What is the hundred thousands digit of 676822395?
8
What is the units digit of 178824974?
4
What is the hundreds digit of 78078574?
5
What is the millions digit of 65806036?
5
What is the millions digit of 249194193?
9
What is the ten millions digit of 154899266?
5
What is the hundred thousands digit of 30491403?
4
What is the ten millions digit of 557758564?
5
What is the hundred thousands digit of 230144457?
1
What is the thousands digit of 128429955?
9
What is the millions digit of 7167937?
7
What is the hundred thousands digit of 74585073?
5
What is the billions digit of 1103064889?
1
What is the tens digit of 2724332654?
5
What is the hundreds digit of 80551604?
6
What is the hundred millions digit of 1280421823?
2
What is the ten thousands digit of 693104922?
0
What is the millions digit of 24050269?
4
What is the millions digit of 326243797?
6
What is the tens digit of 501731410?
1
What is the units digit of 2282459324?
4
What is the hundred thousands digit of 1297610706?
6
What is the hundred millions digit of 8084343946?
0
What is the units digit of 1725341761?
1
What is the ten thousands digit of 2150365319?
6
What is the ten thousands digit of 82522782?
2
What is the ten millions digit of 7962431785?
6
What is the billions digit of 1601931452?
1
What is the ten millions digit of 117536727?
1
What is the hundred thousands digit of 5672513?
6
What is the thousands digit of 349877854?
7
What is the ten millions digit of 818319412?
1
What is the ten thousands digit of 1469755751?
5
What is the hundreds digit of 912345830?
8
What is the units digit of 49360354?
4
What is the thousands digit of 80171407?
1
What is the ten millions digit of 1637676472?
3
What is the hundred millions digit of 1574444421?
5
What is the tens digit of 61470441?
4
What is the units digit of 572732599?
9
What is the hundred thousands digit of 855212650?
2
What is the ten millions digit of 19255826?
1
What is the hundreds digit of 58329812?
8
What is the thousands digit of 2058581304?
1
What is the units digit of 1849869129?
9
What is the hundreds digit of 182871096?
0
What is the hundred thousands digit of 1833584902?
5
What is the hundred thousands digit of 82291471?
2
What is the millions digit of 1200510611?
0
What is the tens digit of 172775370?
7
What is the billions digit of 1507842130?
1
What is the millions digit of 110192907?
0
What is the tens digit of 285139130?
3
What is the thousands digit of 94688190?
8
What is the billions digit of 1030068197?
1
What is the ten millions digit of 2089320947?
8
What is the thousands digit of 454960668?
0
What is the millio